5) to base 12
-6556
Convert 201023311 (base 4) to base 3.
20220110021
3718635 (base 9) to base 7
23113616
113021332 (base 5) to base 13
151494
Convert -13347303 (base 8) to base 7.
-34342223
16699 (base 10) to base 4
10010323
-4721a (base 11) to base 5
-4140034
-33033231030 (base 4) to base 11
-228a695
-213132024 (base 5) to base 3
-1201022100210
-e0616 (base 15) to base 11
-445585
What is 5044645 (base 7) in base 2?
10010010010111111100
Convert -4562422 (base 7) to base 9.
-1057721
9448c (base 14) to base 16
574fc
-2132230121 (base 4) to base 14
-12cc53
What is -4d097 (base 16) in base 12?
-132733
Convert 13bc5 (base 15) to base 16.
f7b2
Convert 36b1bc (base 13) to base 3.
2110112121202
241202122 (base 6) to base 9
8481885
-158903 (base 10) to base 4
-212302313
What is -4132124 (base 7) in base 15?
-9bb8e
916721 (base 11) to base 13
3c7594
Convert 24a229 (base 11) to base 5.
100103444
What is 327717 (base 9) in base 2?
101111110101110011
What is 3224c (base 13) in base 3?
11121010002
Convert -1c550 (base 15) to base 12.
-45519
What is 3143406 (base 8) in base 15?
1181a7
What is -11228f (base 16) in base 15?
-172ade
What is -4375537 (base 8) in base 10?
-1178463
-10011110101010011001001 (base 2) to base 3
-100210010202101
What is 128686 (base 9) in base 6?
1403423
What is 588260 (base 11) in base 8?
3436733
What is 678071 (base 10) in base 11?
423499
What is -32cb3d (base 14) in base 6?
-100552055
What is 200673 (base 10) in base 11?
127850
1744 (base 16) to base 13
2932
Convert 534531 (base 6) to base 7.
241534
Convert 1731a4 (base 12) to base 9.
667827
What is 118505 (base 15) in base 4?
3030213302
-6ab51a (base 15) to base 9
-10533847
What is -20968 (base 14) in base 16?
-13360
What is 11011111000111100000 (base 2) in base 8?
3370740
b77385 (base 13) to base 2
10000011001110101110001
-150364012 (base 7) to base 16
-97ce34
Convert 16701705 (base 9) to base 16.
7ff6d3
50ba9 (base 14) to base 7
1436502
2311210203 (base 4) to base 15
ea560
What is 130574 (base 10) in base 5?
13134244
Convert 2c216 (base 16) to base 6.
3512502
-153502520 (base 6) to base 4
-30123212100
What is 3412410 (base 5) in base 2?
1110101111000011
What is -4311225 (base 7) in base 9?
-877556
-5afde3 (base 16) to base 8
-26576743
Convert -101020000 (base 4) to base 9.
-116187
-3200230231 (base 5) to base 14
-c51076
What is -2510624 (base 9) in base 15?
-1be781
Convert -14442484 (base 10) to base 9.
-30152324
-149448 (base 13) to base 6
-14502450
Convert -4750704 (base 8) to base 10.
-1298884
Convert -516a8 (base 15) to base 13.
-9058a
Convert 12670147 (base 8) to base 15.
3b3783
Convert -111346 (base 13) to base 5.
-100340431
121351300 (base 7) to base 2
11100111101101000000100
Convert -6305243 (base 7) to base 6.
-24125555
Convert -2c067 (base 15) to base 3.
-21012120121
What is 261323 (base 7) in base 13?
1911b
-2524 (base 6) to base 11
-521
What is -21221102212 (base 4) in base 5?
-1121402142
What is 20ce (base 16) in base 14?
30bc
What is 659626 (base 10) in base 15?
d06a1
Convert 27349b9 (base 12) to base 9.
15574106
Convert -10e9f (base 16) to base 7.
-405660
125522 (base 10) to base 7
1031645
What is 198707 (base 10) in base 7?
1455215
-6238b (base 12) to base 6
-2430255
What is 323a7 (base 11) in base 5?
3001230
Convert 183862 (base 9) to base 8.
337374
What is -3020234 (base 5) in base 7?
-260336
8058a (base 12) to base 13
5ab62
What is -bad62 (base 15) in base 3?
-1010011022202
Convert 13012102210 (base 4) to base 12.
758a04
-4413033 (base 6) to base 8
-655055
Convert 6b58d (base 15) to base 13.
bc95c
Convert -121201112210 (base 3) to base 15.
-67803
Convert 2122565 (base 8) to base 11.
357802
What is 111201122002 (base 3) in base 7?
2203505
Convert -525896 (base 10) to base 7.
-4320140
What is 2110301132 (base 4) in base 16?
94c5e
Convert -1240ac2 (base 14) to base 12.
-2b26016
Convert 313457 (base 8) to base 12.
503a7
Convert -34243114 (base 6) to base 13.
-2a8c4a
-333424 (base 7) to base 16
-e5f3
Convert 620324 (base 8) to base 6.
4221044
-a43005 (base 12) to base 15
-35d5d8
What is 2100112133 (base 4) in base 11?
374252
What is 2676705 (base 11) in base 12?
166a069
Convert -3379cf (base 16) to base 13.
-911686
-1452030 (base 8) to base 10
-414744
Convert -11200020001 (base 3) to base 9.
-150201
What is -100122212222 (base 3) in base 11?
-11a988
Convert 130143352 (base 6) to base 7.
30350225
-1400452 (base 7) to base 5
-21410420
Convert cd3d (base 14) to base 10.
35531
Convert -141322000 (base 5) to base 2.
-10110010001000011001
What is -24250424 (base 8) in base 11?
-300a982
2432144242 (base 5) to base 10
5740572
What is 28cd72 (base 16) in base 4?
22030311302
What is -122b183 (base 13) in base 16?
-563a10
Convert -16c59bb (base 15) to base 9.
-34160445
What is 10356016 (base 7) in base 9?
1603141
Convert 1031102013 (base 4) to base 10.
316551
-13bd2 (base 15) to base 6
-1205342
What is 66484 (base 12) in base 14?
3751a
Convert 62583 (base 11) to base 13.
32689
What is -57695 (base 11) in base 10?
-83352
What is 4a520 (base 11) in base 5?
4310001
1807bc9 (base 13) to base 7
123264651
-121033221 (base 4) to base 10
-103401
Convert 266ad0 (base 16) to base 4.
21212223100
-16ba99 (base 12) to base 16
-60255
2424512 (base 6) to base 2
11111010000111100
-10416a3 (base 13) to base 10
-4944397
Convert -167b2 (base 15) to base 3.
-10200121112
Convert 3625c1a (base 13) to base 11.
951a8aa
What is 11303322 (base 5) in base 8?
312243
What is 1241623 (base 7) in base 9?
265507
What is -c3b2 (base 14) in base 9?
-51163
20110003232 (base 4) to base 6
114413222
-33210133 (base 4) to base 3
-10020111001
-33133300 (base 4) to base 2
-1111011111110000
Convert aa77a9 (base 11) to base 8.
6573443
-1341531 (base 8) to base 14
-9b8db
What is -15865a (base 13) in base 10?
-532763
-121210202 (base 4) to base 15
-21078
Convert -22112002100020 (base 3) to base 14.
-85c617
Convert -36808 (base 13) to base 7.
-565126
Convert 14734053 (base 8) to base 3.
20101012111102
What is -2562745 (base 8) in base 4?
-2232113211
-2553353 (base 8) to base 4
-2231123223
-1134736 (base 8) to base 10
-309726
Convert -1477da (base 15) to base 9.
-1764257
What is -1231103021 (base 5) in base 7?
-34253016
1010101011110000010 (base 2) to base 13
c3465
What is fb0fc (base 16) in base 11?
642682
Convert 171253 (base 8) to base 11.
42746
Convert 3342355 (base 6) to base 16.
2945f
What is -3457bba (base 12) in base 9?
-20848457
What is -745550 (base 8) in base 4?
-330231220
What is -8579597 (base 10) in base 16?
-82ea0d
What is 988073 (base 10) in base 2?
11110001001110101001
Convert -615622 (base 7) to base 14.
-2a512
-110170 (base 9) to base 4
-100003122
Convert -2100022021 (base 3) to base 12.
-2285a
Convert 1979a4 (base 14) to base 10.
904684
What is -17eaa (base 16) in base 11?
-67667
What is -200430114 (base 6) in base 13?
-91ac59
What is 579267 (base 10) in base 7?
4631553
Convert -84a1a8a (base 11) to base 15.
-14a9461
What is 31432022 (base 6) in base 4?
3201010232
6374486 (base 9) to base 13
927543
What is a987 (base 15) in base 13?
13459
Convert -65240 (base 11) to base 7.
-543230
What is -10d1672 (base 14) in base 4?
-132221023010
102122210021022 (base 3) to base 5
3041232333
What is 1607074 (base 8) in base 11?
296450
Convert -1055243520 (base 6) to base 10.
-11732232
Convert 1021242 (base 5) to base 16.
42b0
What is -c57 (base 13) in base 14?
-aa0
-122213201030 (base 4) to base 12
-2405b78
What is 220210212100 (base 3) in base 6?
14244443
What is 9159 (base 12) in base 16?
3d95
3206306 (base 8) to base 3
1121110011111
What is 100101101010000010111 (base 2) in base 3?
2022200122121
-121a4 (base 14) to base 7
-242664
-134524034 (base 6) to base 3
-12011122002211
Convert -1d109 (base 14) to base 6.
-1331541
Convert -3333312 (base 5) to base 9.
-88321
Convert -53a77 (base 12) to base 11.
-75a3a
10021012212110 (base 3) to base 14
332b14
35574366 (base 8) to base 7
123162504
Convert 162523 (base 7) to base 5.
2012121
What is 15772251 (base 9) in base 5?
4010313420
What is 1557126 (base 9) in base 5?
210132244
-224356 (base 7) to base 4
-21300220
What is -1022011011101 (base 3) in base 8?
-2507343
Convert -32110301 (base 4) to base 16.
-e531
What is 100640 (base 15) in base 2?
10111001101111010001
C